mber?
True
Is 1564645 a prime number?
False
Is 47779517 a composite number?
False
Is 74972605 prime?
False
Is 368688533 prime?
False
Is 80609 a prime number?
False
Is 39845041 composite?
True
Is 1178783 a prime number?
False
Is 7915681 a composite number?
False
Is 17565151 a prime number?
True
Is 36845909 prime?
True
Is 519602 composite?
True
Is 107911213 composite?
True
Is 85883519 a prime number?
False
Is 225982151 a prime number?
True
Is 1809547 a prime number?
False
Is 566857 a prime number?
True
Is 660829801 composite?
True
Is 163968071 a composite number?
False
Is 3275179 composite?
False
Is 20821193 a prime number?
True
Is 492281 a prime number?
True
Is 3542853 a prime number?
False
Is 1562933 composite?
False
Is 186304723 composite?
True
Is 2710517 a composite number?
False
Is 207821 a prime number?
True
Is 14822 a prime number?
False
Is 149993 prime?
True
Is 112460633 prime?
False
Is 2342833 prime?
False
Is 28791073 prime?
True
Is 410453 a prime number?
True
Is 4959919 prime?
True
Is 6961843 a prime number?
False
Is 966730346 composite?
True
Is 14902 composite?
True
Is 1324397 composite?
True
Is 835130431 composite?
False
Is 54666842 prime?
False
Is 206400785 a composite number?
True
Is 1388623 a composite number?
False
Is 56956873 a prime number?
False
Is 39937342 composite?
True
Is 15626137 a composite number?
True
Is 236302589 composite?
False
Is 183847733 composite?
True
Is 13265849 prime?
True
Is 28118399 a composite number?
False
Is 184607 prime?
True
Is 320236303 a prime number?
True
Is 3634721 composite?
True
Is 3536627 prime?
True
Is 98098807 composite?
True
Is 23356147 prime?
False
Is 5142437 a prime number?
False
Is 8140453 prime?
False
Is 96588143 a prime number?
False
Is 2372183 composite?
True
Is 5164241 a prime number?
True
Is 37936267 a composite number?
False
Is 29275483 composite?
True
Is 17144341 prime?
True
Is 3492407 prime?
True
Is 328247 a prime number?
False
Is 18209791 prime?
True
Is 34882607 a prime number?
False
Is 95989031 a prime number?
True
Is 37257103 prime?
False
Is 911413 a composite number?
False
Is 48480877 a prime number?
True
Is 608593399 prime?
True
Is 40191413 a prime number?
True
Is 11141758 prime?
False
Is 56926411 a prime number?
True
Is 4593385 composite?
True
Is 54150389 a prime number?
False
Is 6095093 a prime number?
True
Is 94788467 prime?
True
Is 8143 composite?
True
Is 1451871791 a composite number?
True
Is 33413399 a composite number?
True
Is 818429 a prime number?
True
Is 4790671 prime?
True
Is 229519151 a composite number?
False
Is 67360289 a composite number?
False
Is 967543 a prime number?
False
Is 111547681 a prime number?
False
Is 490991 prime?
True
Is 1018519 a composite number?
True
Is 871727 prime?
True
Is 23772977 a prime number?
False
Is 20092673 prime?
True
Is 12669047 composite?
True
Is 3852154 prime?
False
Is 220329521 prime?
True
Is 263625881 a composite number?
False
Is 82410721 prime?
False
Is 20104811 a prime number?
True
Is 6508399 prime?
False
Is 3845321 prime?
True
Is 276174001 a composite number?
True
Is 29749283 a prime number?
True
Is 2318041 prime?
False
Is 245225377 a composite number?
True
Is 5255407 composite?
False
Is 33052021 composite?
True
Is 8874821 a composite number?
True
Is 104303761 a prime number?
True
Is 5483083 a composite number?
True
Is 11379947 prime?
True
Is 634981439 a prime number?
True
Is 399947127 prime?
False
Is 8601107 a composite number?
False
Is 905111 a composite number?
False
Is 662544067 a prime number?
False
Is 12339557 a composite number?
False
Is 45648307 composite?
True
Is 13759219 a prime number?
False
Is 2030869 prime?
False
Is 925509821 composite?
False
Is 17749831 a prime number?
False
Is 275724167 a prime number?
True
Is 1864697 a composite number?
True
Is 70274333 prime?
False
Is 13026943 composite?
True
Is 17895027 a prime number?
False
Is 45174183 a composite number?
True
Is 19933555 a composite number?
True
Is 53668391 a composite number?
True
Is 68182781 composite?
False
Is 162271133 a prime number?
True
Is 981263 a composite number?
False
Is 303785999 prime?
False
Is 19503074 a prime number?
False
Is 5047261 composite?
False
Is 1234703 composite?
False
Is 824713 composite?
True
Is 1429276507 a prime number?
True
Is 2507371 a prime number?
False
Is 370949 prime?
True
Is 77895673 a composite number?
False
Is 203626909 prime?
True
Is 3228001 a prime number?
False
Is 2904173 a prime number?
False
Is 99409309 prime?
False
Is 102309607 a prime number?
True
Is 580174183 prime?
False
Is 96604633 composite?
True
Is 178021 a prime number?
True
Is 803579899 prime?
True
Is 9881161 a prime number?
False
Is 40970999 a composite number?
False
Is 315145 composite?
True
Is 710056015 composite?
True
Is 10678949 a composite number?
False
Is 29936407 prime?
True
Is 4665755 a prime number?
False
Is 843413 composite?
True
Is 2306497 composite?
True
Is 12387049 a composite number?
True
Is 7410373 prime?
False
Is 43843553 composite?
True
Is 3372514 a composite number?
True
Is 8679217 composite?
False
Is 66888053 a composite number?
False
Is 55120261 prime?
False
Is 412623539 prime?
True
Is 667441 composite?
False
Is 5655409 a prime number?
True
Is 9060301 a prime number?
False
Is 20329801 a composite number?
True
Is 38394299 prime?
True
Is 266243329 prime?
False
Is 28661774 composite?
True
Is 13199819 composite?
True
Is 40759447 composite?
False
Is 20912435 a composite number?
True
Is 126563 prime?
False
Is 3171187 prime?
True
Is 88189819 prime?
True
Is 3827471 a prime number?
False
Is 30853195 a composite number?
True
Is 64102861 a composite number?
False
Is 41101451 a composite number?
False
Is 211719689 prime?
False
Is 9192793 composite?
False
Is 2367481 a prime number?
True
Is 568493 composite?
False
Is 15309431 composite?
False
Is 2311519 prime?
False
Is 3099127 composite?
False
Is 3226337 prime?
False
Is 9762679 a prime number?
True
Is 7246501 prime?
True
Is 16026889 a prime number?
False
Is 78419755 a composite number?
True
Is 8319199 a prime number?
False
Is 298106087 prime?
True
Is 881039 prime?
False
Is 9587363 a prime number?
False
Is 17826793 a prime number?
False
Is 13897801 composite?
True
Is 32054993 a prime number?
True
Is 278543 prime?
True
Is 134669 a composite number?
False
Is 90239581 a prime number?
True
Is 217499279 a composite number?
True
Is 360043693 composite?
False
Is 54501697 a prime number?
False
Is 25794401 composite?
False
Is 6326421 composite?
True
Is 4945699 prime?
False
Is 82263131 prime?
True
Is 6332269 a composite number?
False
Is 39938498 prime?
False
Is 48264791 prime?
False
Is 47087323 a composite number?
False
Is 4415357 prime?
True
Is 25428211 a composite number?
True
Is 82333567 a composite number?
True
Is 73925699 composite?
False
Is 1311599 a composite number?
False
Is 66667921 a prime number?
False
Is 2095099 a composite number?
False
Is 6304547 prime?
False
Is 943931 a composite number?
False
Is 76278747 a prime number?
False
Is 16261969 a composite number?
True
Is 32491733 composite?
False
Is 11009783 prime?
True
Is 95394518 a prime number?
False
Is 8801374 composite?
True
Is 1367207 a composite number?
True
Is 1503899 prime?
True
Is 4922221 a composite number?
True
Is 1418938 a prime number?
False
Is 3799023 a prime number?
False
Is 822319451 a prime number?
True
Is 105971491 a composite number?
True
Is 1901087 prime?
True
Is 1577761 a composite number?
True
Is 354859 prime?
False
Is 63347171 prime?
False
Is 3206873 prime?
True
Is 7420561 prime?
True
Is 31550021 prime?
True
Is 95366081 a composite number?
True
Is 459751223 a composite number?
False
Is 144165479 a composite number?
False
Is 209850847 prime?
True
Is 50912921 composite?
False
Is 14972059 composite?
True
Is 1227143 a composite number?
False
Is 3129169 composite?
False
Is 10711327 composite?
True
Is 8253491 a prime number?
True
Is 65536247 prime?
False
Is 99218991 a prime number?
False
Is 173058917 composite?
True
Is 874739 composite?
False
Is 1768069 a composite number?
False
Is 5956997 composite?
False
Is 18007445 prime?
False
Is 16134251 prime?
False
Is 10622947 a composite number?
True
Is 28363183 composite?
False
Is 228247289 prime?
False
Is 5653381 a prime number?
True
Is 12417499 composite?
False
Is 1205047 composite?
F